{"id":6717,"date":"2024-01-23T16:35:35","date_gmt":"2024-01-23T21:35:35","guid":{"rendered":"https:\/\/centrebang.ca\/?post_type=product&#038;p=6717"},"modified":"2025-03-05T16:35:24","modified_gmt":"2025-03-05T21:35:24","slug":"dumais-cindy-traces-datelier","status":"publish","type":"product","link":"https:\/\/centrebang.ca\/en\/produit\/dumais-cindy-traces-datelier\/","title":{"rendered":"Traces d\u2019atelier"},"content":{"rendered":"<p>Ouvrage sur la production de Pierre-Olivier Tanguay en 2016 et 2017.<br \/>\nEssai, livre d&#8217;artiste \/ Commissariat \u00e9crit et visuel du projet <strong><em>REPR\u00c9SAILLES<\/em><\/strong> de Pierre-Olivier Tanguay<\/p>\n<p>*Le livre comprend 5 \u00e9l\u00e9ments visuels d\u00e9tach\u00e9s, dont une s\u00e9rigraphie num\u00e9rot\u00e9e et sign\u00e9e. Livre tir\u00e9 \u00e0 100 exemplaires.<\/p>\n<p>&#8220;J&#8217;ai suivi Pierre-Olivier Tanguay dans l&#8217;atelier pendant 2 ans. Je lui ai propos\u00e9 de colliger r\u00e9flexions et images dans un livre. Un livre qui tiendrait lieu d&#8217;un commissariat \u00e9crit et visuel, pour donner un regard personnalis\u00e9 sur le travail en train de se faire, sur l&#8217;\u00e9nergie de l&#8217;art. J&#8217;ai tenu un carnet de notes. J&#8217;ai pris des photos. J&#8217;ai trouv\u00e9 des r\u00e9f\u00e9rences. J&#8217;ai pos\u00e9 des questions. Ce livre restitue l&#8217;exp\u00e9rience privil\u00e9gi\u00e9e d&#8217;un regardeur, qui s&#8217;est install\u00e9 dans l&#8217;atelier mental et physique d&#8217;un artiste.&#8221; &#8211; Cindy Dumais<\/p>\n","protected":false},"excerpt":{"rendered":"<h1><em>Traces d&#8217;atelier<\/em><span class=\"x193iq5w xeuugli x13faqbe x1vvkbs x1xmvt09 x1lliihq x1s928wv xhkezso x1gmr53x x1cpjm7i x1fgarty x1943h6x xudqn12 x3x7a5m x6prxxf xvq8zen xo1l8bm xzsf02u x1yc453h\" dir=\"auto\"><br \/>\n<\/span><\/h1>\n<h6>Livre Papier<\/h6>\n<p><strong>Auteur.e(s) <\/strong><a href=\"https:\/\/centrebang.ca\/?sf=recherche-globale&amp;pt=post%2Cpage%2Ccpt-programmation%2Ccpt-public&amp;s=Cindy+Dumais\">Cindy Dumais<\/a><strong><br \/>\nDate de sortie<\/strong> 2018<br \/>\n<strong>Langue<\/strong> Fran\u00e7ais<br \/>\n<strong>\u00c9diteur<\/strong> <a href=\"https:\/\/www.cindydumais.net\/index.php\/la-clignotante\">La Clignotante<\/a><br \/>\n<strong>Cat\u00e9gorie(s)<\/strong> <a href=\"https:\/\/centrebang.ca\/boutique\/?wpf=filtre_boutique&amp;wpf_cols=4&amp;wpf_page=1&amp;wpf_categories=livres-dartistes-produits\">Livres d&#8217;artistes<\/a><br \/>\n<strong>ISBN<\/strong> 9782923509099<\/p>\n","protected":false},"featured_media":6801,"comment_status":"open","ping_status":"closed","template":"","meta":{"wds_primary_product_cat":0},"product_cat":[137,143],"product_tag":[147,148,153,156,154,146,150,151,155,149],"class_list":["post-6717","product","type-product","status-publish","has-post-thumbnail","hentry","product_cat-produits","product_cat-livres-dartistes-produits","product_tag-art","product_tag-artiste","product_tag-autopublication","product_tag-cindy-dumais","product_tag-francais","product_tag-livre","product_tag-livre-dartiste","product_tag-livres-dartistes","product_tag-micro-edition","product_tag-quebec"],"acf":[],"_links":{"self":[{"href":"https:\/\/centrebang.ca\/en\/wp-json\/wp\/v2\/product\/6717","targetHints":{"allow":["GET"]}}],"collection":[{"href":"https:\/\/centrebang.ca\/en\/wp-json\/wp\/v2\/product"}],"about":[{"href":"https:\/\/centrebang.ca\/en\/wp-json\/wp\/v2\/types\/product"}],"replies":[{"embeddable":true,"href":"https:\/\/centrebang.ca\/en\/wp-json\/wp\/v2\/comments?post=6717"}],"wp:featuredmedia":[{"embeddable":true,"href":"https:\/\/centrebang.ca\/en\/wp-json\/wp\/v2\/media\/6801"}],"wp:attachment":[{"href":"https:\/\/centrebang.ca\/en\/wp-json\/wp\/v2\/media?parent=6717"}],"wp:term":[{"taxonomy":"product_cat","embeddable":true,"href":"https:\/\/centrebang.ca\/en\/wp-json\/wp\/v2\/product_cat?post=6717"},{"taxonomy":"product_tag","embeddable":true,"href":"https:\/\/centrebang.ca\/en\/wp-json\/wp\/v2\/product_tag?post=6717"}],"curies":[{"name":"wp","href":"https:\/\/api.w.org\/{rel}","templated":true}]}}

<p>Ouvrage sur la production de Pierre-Olivier Tanguay en 2016 et 2017.<br />
Essai, livre d&#8217;artiste / Commissariat écrit et visuel du projet <strong><em>REPRÉSAILLES</em></strong> de Pierre-Olivier Tanguay</p>
<p>*Le livre comprend 5 éléments visuels détachés, dont une sérigraphie numérotée et signée. Livre tiré à 100 exemplaires.</p>
<p>&#8220;J&#8217;ai suivi Pierre-Olivier Tanguay dans l&#8217;atelier pendant 2 ans. Je lui ai proposé de colliger réflexions et images dans un livre. Un livre qui tiendrait lieu d&#8217;un commissariat écrit et visuel, pour donner un regard personnalisé sur le travail en train de se faire, sur l&#8217;énergie de l&#8217;art. J&#8217;ai tenu un carnet de notes. J&#8217;ai pris des photos. J&#8217;ai trouvé des références. J&#8217;ai posé des questions. Ce livre restitue l&#8217;expérience privilégiée d&#8217;un regardeur, qui s&#8217;est installé dans l&#8217;atelier mental et physique d&#8217;un artiste.&#8221; &#8211; Cindy Dumais</p>

<h1><em>Traces d&#8217;atelier</em><span class="x193iq5w xeuugli x13faqbe x1vvkbs x1xmvt09 x1lliihq x1s928wv xhkezso x1gmr53x x1cpjm7i x1fgarty x1943h6x xudqn12 x3x7a5m x6prxxf xvq8zen xo1l8bm xzsf02u x1yc453h" dir="auto"><br />
</span></h1>
<h6>Livre Papier</h6>
<p><strong>Auteur.e(s) </strong><a href="https://centrebang.ca/?sf=recherche-globale&amp;pt=post%2Cpage%2Ccpt-programmation%2Ccpt-public&amp;s=Cindy+Dumais">Cindy Dumais</a><strong><br />
Date de sortie</strong> 2018<br />
<strong>Langue</strong> Français<br />
<strong>Éditeur</strong> <a href="https://www.cindydumais.net/index.php/la-clignotante">La Clignotante</a><br />
<strong>Catégorie(s)</strong> <a href="https://centrebang.ca/boutique/?wpf=filtre_boutique&amp;wpf_cols=4&amp;wpf_page=1&amp;wpf_categories=livres-dartistes-produits">Livres d&#8217;artistes</a><br />
<strong>ISBN</strong> 9782923509099</p>
